{"id":1005,"date":"2011-07-25T09:07:44","date_gmt":"2011-07-25T09:07:44","guid":{"rendered":"http:\/\/www.lecreis.org\/creis\/?page_id=1005"},"modified":"2025-04-09T12:58:35","modified_gmt":"2025-04-09T12:58:35","slug":"membres-2","status":"publish","type":"page","link":"https:\/\/www.lecreis.org\/?page_id=1005","title":{"rendered":"CA et correspondants"},"content":{"rendered":"<h4><strong>Le conseil d&rsquo;administration du CREIS-Terminal 2022<\/strong><\/h4>\n<p>Genevi\u00e8ve VIDAL, Pr\u00e9sidente<br \/>\nSIC, Universit\u00e9 Sorbonne, Paris-nord<br \/>\n<a href=\"mailto:gvidal@sic.univ-paris13.fr\">genevieve.vidal(chez)univ-paris13.fr<\/a><\/p>\n<p>Colette HOFFSAES,\u00a0 Pr\u00e9sidente d&rsquo;honneur<br \/>\nsociologue<br \/>\n<a href=\"mailto:hoffsaes@club-internet.fr\">hoffsaes(chez)club-internet.fr<\/a><\/p>\n<p>Daniel NAULLEAU,\u00a0 Pr\u00e9sident d&rsquo;honneur<br \/>\ninformaticien,<br \/>\n<a href=\"mailto:naulleau.daniel@free.fr\">naulleau.daniel(chez)free.fr<\/a><\/p>\n<p>Chantal RICHARD, Pr\u00e9sidente d&rsquo;honneur<br \/>\ninformaticienne<br \/>\n<a href=\"chantalrichard@lecreis.org\">chantalrichard(chez)lecreis.org<\/a><\/p>\n<p>Chantal ENGUEHARD, Secr\u00e9taire<br \/>\ninformaticienne, LS2N Nantes<br \/>\n<a href=\"mailto:chantal.enguehard@univ-nantes.fr\">chantal.enguehard(chez)univ-nantes.fr<\/a><\/p>\n<p>Maurice LISCOUET , Tr\u00e9sorier<br \/>\ninformaticien<br \/>\n<a href=\"mailto:maurice.liscouet@univ-nantes.fr\">maurice.liscouet(chez)univ-nantes.fr<\/a><\/p>\n<p>Emmanuelle BARBOT<br \/>\n\u00e9conomiste, IUT V\u00e9lizy<br \/>\n<a href=\"mailto:ebarbot(chez)iut-velizy.uvsq.fr\">ebarbot(chez)iut-velizy.uvsq.fr<\/a><\/p>\n<p>Dominique DESBOIS<br \/>\ning\u00e9nieur statisticien, repr\u00e9sentant fran\u00e7ais au TC9 de l&rsquo;IFIP<br \/>\n<a href=\"mailto:dominique.desbois0517@orange.fr\">dominique.desbois(chez)inrae.fr<\/a><\/p>\n<p>David FAYON<br \/>\nDirecteur de projets SI<br \/>\n<a href=\"david.fayon@gmail.com\">david.fayon(chez)gmail.com<\/a><\/p>\n<p>Anne GAGNEBIEN<br \/>\n<a href=\"http:\/\/www.ingemedia.net\/\" target=\"_blank\" rel=\"noopener\"><span style=\"color: #000000;\">Sciences de l&rsquo;information et de la communication<\/span>, UFR Ing\u00e9m\u00e9dia <\/a>Universit\u00e9 de Toulon<br \/>\n<a href=\"mailto:anne.gagnebien(chez)gmail.com\">anne.gagnebien(chez)gmail.com<\/a><\/p>\n<p>Cedric GOSSART<br \/>\nDirecteur de recherche, Ingenio (CSIC-UPV)<br \/>\nDirecteur de la revue <i>Terminal<br \/>\n<\/i><a id=\"OWA458bd165-b36f-bc6c-8eca-0348b7217dfa\" class=\"OWAAutoLink\" href=\"https:\/\/www.linkedin.com\/in\/c\u00e9dric-gossart\/\">https:\/\/www.linkedin.com\/in\/c\u00e9dric-gossart\/<\/a><\/p>\n<p>Sarah SANDR\u00e9<br \/>\nJuriste, docteure en histoire des sciences et des techniques contemporaines, innovations num\u00e9riques en sant\u00e9<br \/>\n<a href=\"isarah12@gmail.com\">lsarah12(chez)gmail.com<\/a><\/p>\n<p class=\"western\" align=\"left\"><span lang=\"fr-FR\">Kieran VAN DEN BERGH<br \/>\n<\/span><span lang=\"fr-FR\">Droit priv\u00e9, droit du travail<br \/>\n<a href=\"mailto:van.den.bergh.kieran@gmail.com\">van.den.bergh.kieran(chez)gmail.com<\/a><\/span><\/p>\n<p>Jacques V\u00e9TOIS,<br \/>\ninformaticien, secr\u00e9taire de r\u00e9daction de Terminal<br \/>\n<a href=\"jacquesvetois@yahoo.fr\">jacquesvetois(chez)yahoo.fr<\/a><\/p>\n<p><strong>Les correspondants \u00e0 l&rsquo;\u00e9tranger CREIS_Terminal<\/strong><\/p>\n<p>Mariella BERRA, <em><br \/>\n<a href=\"mailto:mariella.berra(chez)unito.it\">mariella.berra<\/a><\/em><a href=\"mailto:mariella.berralecreis(chez)unito.it\">(chez)<\/a><em><a href=\"mailto:mariella.berra(chez)unito.it\">unito.it<\/a><\/em><br \/>\nsociologue, Italie<\/p>\n<p>Ababcar DIOP<br \/>\n<em><a href=\"mailto:baba_kone(chez)yahoo.fr\">baba_kone<\/a><\/em><a href=\"mailto:baba_konelecreis(chez)yahoo.fr\">(chez)<\/a><em><a href=\"mailto:baba_konelecreis(chez)yahoo.fr\">yahoo.fr<\/a><\/em><br \/>\njuriste, S\u00e9n\u00e9gal<\/p>\n<p>Marie D&rsquo;UDEKEM-GEVERS<br \/>\n<em><a href=\"mailto:mgeverslecreis(chez)info.fundp.ac.be\">mgevers<\/a><\/em><a href=\"mailto:mgeverslecreis(chez)info.fundp.ac.be\">(chez)<\/a><em><a href=\"mailto:mgeverslecreis(chez)info.fundp.ac.be\">info.fundp.ac.be<\/a><\/em><br \/>\ninformaticienne, Belgique<\/p>\n<p>Eric GEORGE<strong><br \/>\n<\/strong><em><a href=\"mailto:george.ericlecreis(chez)uqam.ca\">george.eric<\/a><\/em><a href=\"mailto:george.ericlecreis(chez)uqam.ca\">(chez)<\/a><em><a href=\"mailto:george.ericlecreis(chez)uqam.ca\">uqam.ca<\/a><\/em><br \/>\nsciences de la communication, UQAM, Qu\u00e9bec<\/p>\n<p>Armin MURMANN<em><br \/>\n<\/em>armin<a href=\"murmann@ies.unige.ch\">(chez)<\/a><a href=\"murmann@ies.unige.ch\">murma<\/a>.ch<br \/>\ninformaticien et sociologue, Gen\u00e8ve<\/p>\n<p>Magda TALAMO<br \/>\n<em><a href=\"mailto:magda.talamolecreis(chez)unito.it\">magda.talamo<\/a><\/em><a href=\"mailto:magda.talamolecreis(chez)unito.it\">(chez)<\/a><em><a href=\"mailto:magda.talamolecreis(chez)unito.it\">unito.it<\/a><\/em><br \/>\nsociologue, Italie<\/p>\n","protected":false},"excerpt":{"rendered":"<p>Le conseil d&rsquo;administration du CREIS-Terminal 2022 <\/p>\n<p>Genevi\u00e8ve VIDAL, Pr\u00e9sidente SIC, Universit\u00e9 Sorbonne, Paris-nord <a href=\"mailto:gvidal@sic.univ-paris13.fr\">genevieve.vidal(chez)univ-paris13.fr<\/a><\/p>\n<p>Colette HOFFSAES,\u00a0 Pr\u00e9sidente d&rsquo;honneur sociologue <a href=\"mailto:hoffsaes@club-internet.fr\">hoffsaes(chez)club-internet.fr<\/a><\/p>\n<p>Daniel NAULLEAU,\u00a0 Pr\u00e9sident d&rsquo;honneur informaticien, <a href=\"mailto:naulleau.daniel@free.fr\">naulleau.daniel(chez)free.fr<\/a><\/p>\n<p>Chantal RICHARD, Pr\u00e9sidente d&rsquo;honneur informaticienne <a href=\"chantalrichard@lecreis.org\">chantalrichard(chez)lecreis.org<\/a><\/p>\n<p>Chantal ENGUEHARD, Secr\u00e9taire informaticienne, LS2N Nantes <a href=\"mailto:chantal.enguehard@univ-nantes.fr\">chantal.enguehard(chez)univ-nantes.fr<\/a><\/p>\n<p>Maurice LISCOUET , Tr\u00e9sorier informaticien <a href=\"mailto:maurice.liscouet@univ-nantes.fr\">maurice.liscouet(chez)univ-nantes.fr<\/a><\/p>\n<p>Emmanuelle BARBOT \u00e9conomiste, IUT &hellip; <\/p>\n<p><a class=\"more-link btn\" href=\"https:\/\/www.lecreis.org\/?page_id=1005\">Lire la suite<\/a><\/p>\n","protected":false},"author":4,"featured_media":0,"parent":0,"menu_order":0,"comment_status":"open","ping_status":"open","template":"","meta":{"footnotes":""},"class_list":["post-1005","page","type-page","status-publish","hentry","nodate","item-wrap"],"_links":{"self":[{"href":"https:\/\/www.lecreis.org\/index.php?rest_route=\/wp\/v2\/pages\/1005","targetHints":{"allow":["GET"]}}],"collection":[{"href":"https:\/\/www.lecreis.org\/index.php?rest_route=\/wp\/v2\/pages"}],"about":[{"href":"https:\/\/www.lecreis.org\/index.php?rest_route=\/wp\/v2\/types\/page"}],"author":[{"embeddable":true,"href":"https:\/\/www.lecreis.org\/index.php?rest_route=\/wp\/v2\/users\/4"}],"replies":[{"embeddable":true,"href":"https:\/\/www.lecreis.org\/index.php?rest_route=%2Fwp%2Fv2%2Fcomments&post=1005"}],"version-history":[{"count":38,"href":"https:\/\/www.lecreis.org\/index.php?rest_route=\/wp\/v2\/pages\/1005\/revisions"}],"predecessor-version":[{"id":3686,"href":"https:\/\/www.lecreis.org\/index.php?rest_route=\/wp\/v2\/pages\/1005\/revisions\/3686"}],"wp:attachment":[{"href":"https:\/\/www.lecreis.org\/index.php?rest_route=%2Fwp%2Fv2%2Fmedia&parent=1005"}],"curies":[{"name":"wp","href":"https:\/\/api.w.org\/{rel}","templated":true}]}}